nd o.
5
Suppose 6 = 4*c - 10. Suppose -43 - 45 = -2*g. What is the greatest common divisor of c and g?
4
Suppose 0 = 8*g + 7*g - 30. Calculate the highest common factor of g and 5.
1
Suppose -a = 2*z - 14, 0 = -0*a - a + 2*z + 34. What is the greatest common divisor of a and 12?
12
Suppose 0 = 2*q - o - 174, -o = -q + 4*o + 78. Let n be (-152)/(-16) + 3/(-2). Calculate the greatest common factor of q and n.
8
Let y be ((-104)/3)/((-2)/12). Suppose -x + y = x. Suppose 0 = -o - 3 + 16. Calculate the greatest common factor of o and x.
13
Suppose -f = -5, 2*h + 2*f = 4*h - 278. What is the greatest common divisor of h and 18?
18
Let d = -65 + 119. Suppose -81 = -2*w + w. Calculate the highest common divisor of d and w.
27
Let o(a) = -a**2 + 13*a + 8. Let j = -12 - -24. Let v be o(j). What is the greatest common factor of v and 60?
20
Suppose -5*n + 4*n - 1 = 0. Let w = 4 + n. What is the greatest common factor of w and 2?
1
Suppose 2*o - 4*p = 46, -4*p = 3*o - 8*o + 97. Calculate the highest common divisor of o and 119.
17
Suppose -4*t = t - 4*p + 65, -t + 8 = -5*p. Let i = t + 25. What is the highest common factor of 56 and i?
8
Suppose 5 = -4*b + 13. Let c(a) = 11*a**2 + a - 2. Let j be c(b). Calculate the greatest common divisor of 4 and j.
4
Let g(z) = -z**3 + z**2 - z + 154. Let u be g(0). Suppose -4*r = 3*f - 41, -71 + 24 = -3*r + f. Calculate the greatest common factor of r and u.
14
Let u = 212 - 142. Let x = -16 - -26. What is the highest common divisor of u and x?
10
Let n(u) = 17*u**3 + 4*u**2 - 4*u - 1. Let s be n(2). Calculate the greatest common factor of 13 and s.
13
Let v = 24 + -21. Suppose 0 = -5*n + 3*u + 44, -v*u = -2*n - 0*u + 14. Suppose 5*g - 462 = -112. What is the highest common divisor of g and n?
10
Let r(p) = -p**3 - p**2 - p - 6. Let g be r(0). Let c = g - -9. Suppose 142 = c*b - 194. Calculate the highest common factor of 16 and b.
16
Let x(y) = -9*y + 21. Let g be x(0). What is the highest common divisor of g and 63?
21
Let x = 5 - 0. Let w be -10*(11/(-2) + 0). What is the highest common divisor of x and w?
5
Let s be 6393/27 + (-6)/(-27). Suppose -4*h - 4*z - z + s = 0, 4*z - 4 = 0. Let c = 106 - h. What is the highest common factor of c and 12?
12
Let x = 26 - -28. Let k(f) = f**2 + 2*f - 2. Let r be k(-4). What is the highest common divisor of r and x?
6
Let n = 2 + -7. Let x = 1 + n. Let c be 2/4*(-88)/x. Calculate the highest common factor of 88 and c.
11
Let x(s) = 2*s**2 + 7*s - 1. Let w be x(-5). What is the greatest common divisor of w and 56?
14
Let d(z) be the second derivative of 2*z**3 + z + 5/6*z**4 - 1/20*z**5 + 3/2*z**2 + 0. Let p be d(11). What is the greatest common divisor of p and 98?
14
Let r = 51 - 47. What is the greatest common factor of r and 10?
2
Suppose -3*l + 136 - 1 = 0. Let q be 2*((-5)/(-10) + 2). Calculate the highest common factor of l and q.
5
Let o(u) = -4 + 0*u**2 + 5 + 46*u**3 - 2*u**2. Let i = 25 + -24. Let f be o(i). What is the highest common divisor of f and 18?
9
Let z = -37 - -70. Calculate the greatest common divisor of z and 3.
3
Suppose u - 5*w + 6 = 0, 2*u + 3 = -3*w + 4. Let c be u - (-2*6 + -1). What is the greatest common factor of c and 12?
12
Suppose 0 = 4*u - 16, -3*u = -4*c + 3*c - 9. Suppose 20 - 8 = -4*t, c*n + 2*t = 90. What is the highest common factor of 48 and n?
16
Suppose 9*z - 12*z + 6 = 0. What is the highest common divisor of z and 16?
2
Let p(c) = c**2 - 8*c - 5. Let t be p(10). Calculate the greatest common factor of t and 3.
3
Let l = -3 - -9. Suppose -1 = u - l. Calculate the highest common factor of u and 35.
5
Let c(y) = -y + 5. Let o(q) = q**3 + 6*q**2 - 6. Let f be o(-6). Let d be c(f). Let m = 149 + -50. Calculate the greatest common divisor of d and m.
11
Let q = -136 - -9. Let l be (2 - 0 - 1)*q. Let a be 1/(-3) + l/(-3). Calculate the highest common factor of 6 and a.
6
Let y be 2/(-1 + (-22)/(-18)). Calculate the highest common factor of y and 27.
9
Suppose -2*p - 2*m - 2 = 0, 0 = -2*p - 3*p - 4*m - 1. Suppose 0*a - 4*a = p*q - 357, -2*a = 3*q - 351. Calculate the greatest common divisor of q and 23.
23
Suppose -214 - 106 = -4*z. What is the highest common divisor of 8 and z?
8
Let j be ((-92)/(-6))/((-2)/(-18)). Calculate the highest common divisor of 23 and j.
23
Suppose -8*d = -15 - 65. Calculate the highest common factor of 30 and d.
10
Suppose -3*r + 12 = -4*r. Let l(n) = -n. Let a be l(r). Calculate the greatest common divisor of 108 and a.
12
Suppose -15 = -4*z - 3. Suppose 28 = 3*m + 4*g, 5*m + z*g - 5 - 27 = 0. What is the greatest common divisor of 16 and m?
4
Let d be 78/6 + -3 + 2. Let n(s) = 133*s**2 - 3 - 2 + 4. Let a be n(-1). Calculate the greatest common factor of d and a.
12
Let c be 3 + (-2)/((-2)/213). Let v = c - 95. What is the highest common divisor of v and 11?
11
Let c = -4 + 9. Let p(y) = 4*y - 12. Let d be p(13). Calculate the greatest common factor of d and c.
5
Suppose -3*g + 6*g = f - 281, 0 = -4*g - 2*f - 368. Let n be 13 - 12 - (g - 1). What is the greatest common divisor of n and 19?
19
Let b(a) = 12*a**2 - 5 + 3*a + 11 - a**2. Let m be b(-6). Suppose -m = 2*h - 6*h. What is the greatest common factor of h and 12?
12
Suppose 2*o - 21 = 91. What is the greatest common factor of 140 and o?
28
Suppose -4*y + 25 + 21 = 2*x, 3*y = 4*x - 70. What is the highest common divisor of x and 76?
19
Suppose -5*a + 43 = 4*s, -4*s + a + 6 + 19 = 0. Let x be 7/1*(5 - 0). Calculate the greatest common factor of x and s.
7
Let t(d) = -7*d**3 - 8*d**2 - d - 3. Let o be t(-3). Calculate the greatest common divisor of o and 13.
13
Suppose -g + 5*g = -432. Let i be (-1)/(1 - (-111)/g). Calculate the greatest common divisor of 9 and i.
9
Suppose 4 = -5*s - 6. Let i = 10 - s. Let k be (-4 - -1)/(3/(-6)). What is the greatest common divisor of i and k?
6
Let c(f) = -7*f + 88. Let i be c(0). Calculate the highest common factor of i and 8.
8
Suppose -q - 2 = -11. Suppose 3 = 2*s - q. Calculate the greatest common divisor of s and 4.
2
Suppose 0 = -x + 18 + 90. Calculate the highest common factor of x and 18.
18
Suppose 33 = 2*c - 57. What is the highest common divisor of c and 27?
9
Let d(j) = j**3 - 6*j**2 + 2*j - 9. Let o = -5 + 11. Let u be d(o). Suppose u*f + 2*f - 385 = 0. Calculate the highest common factor of 11 and f.
11
Suppose -42 - 3 = -b. Let p = b - 15. Let u(c) = 5*c. Let o be u(2). What is the greatest common divisor of p and o?
10
Let l = 13 + -10. Let p = 7 - l. What is the greatest common factor of p and 20?
4
Suppose -k - 1 = 4*q - 11, -5*q = -10. Suppose 2*b + 2*b = -8. Let i be 3/b*4/(-3). Calculate the greatest common divisor of k and i.
2
Suppose -82 = -4*t + 6. Let s = -1 + 89. What is the greatest common factor of s and t?
22
Let f(r) = -5*r + 24. Let t be f(-12). Let y be 10 + (0 - -1 - -1). What is the highest common factor of y and t?
12
Let x = 4 - 0. Let d be 52/8 - 2/4. Let r = -4 + d. Calculate the greatest common factor of x and r.
2
Let d(g) = -g**3 - 4*g**2 - g - 1. Let z be d(-4). Suppose 0 = -2*x - 7 + z. Let t be 3*x/(-6) + 7. Calculate the highest common divisor of 88 and t.
8
Suppose -164 + 56 = -3*d. Let y be d/(-60) - (-186)/10. What is the greatest common divisor of 27 and y?
9
Suppose -6*p = -2*p + 5*b - 468, 220 = 2*p - b. What is the highest common factor of p and 14?
14
Let l(k) = 2 + 2*k - 8*k + 3 - k**2. Let b be l(-7). Let h be 0 - (-17 - b/1). Calculate the highest common factor of h and 3.
3
Let q be (2 + 1)*(8 + -6). What is the greatest common factor of 6 and q?
6
Suppose u + 2 = 0, 4*y - 3*y - 14 = 5*u. Suppose 2*s + s = 3*o - 93, -20 = -y*s. What is the greatest common factor of o and 12?
12
Suppose h = 6*h. Suppose -3*b + 2*n - 4 = h, 5*b + 0*b - n = -9. Let m = b - -6. Calculate the greatest common factor of 20 and m.
4
Let p be -10 - -2 - -4 - -242. What is the highest common factor of 14 and p?
14
Suppose -15 = -5*h + 55. Calculate the greatest common factor of h and 126.
14
Suppose 0 = -5*w + 3*r - 1 - 3, -3*w + 6 = r. Let p(j) = 5*j**2 - 2*j + 1. Let d be p(w). What is the greatest common divisor of d and 28?
4
Let t be 5838/27 + (-4)/18. What is the highest common factor of 27 and t?
27
Let m(h) be the second derivative of h**4/12 + 2*h**3/3 + 3*h**2 + 3*h. Let j be 